{"id":91,"date":"2025-03-26T16:09:28","date_gmt":"2025-03-26T15:09:28","guid":{"rendered":"http:\/\/jo-photo86.fr\/?page_id=91"},"modified":"2026-03-25T16:16:17","modified_gmt":"2026-03-25T15:16:17","slug":"contact-photographe-poitiers","status":"publish","type":"page","link":"https:\/\/jo-photo86.fr\/?page_id=91","title":{"rendered":"Contact"},"content":{"rendered":"\t\t<div data-elementor-type=\"wp-page\" data-elementor-id=\"91\" class=\"elementor elementor-91\">\n\t\t\t\t<div class=\"elementor-element elementor-element-af0ac79 e-con-full e-flex e-con e-parent\" data-id=\"af0ac79\" data-element_type=\"container\" data-e-type=\"container\" data-settings=\"{&quot;background_background&quot;:&quot;classic&quot;}\">\n\t\t\t\t<div class=\"elementor-element elementor-element-6c967ba1 elementor-widget elementor-widget-heading\" data-id=\"6c967ba1\" data-element_type=\"widget\" data-e-type=\"widget\" data-widget_type=\"heading.default\">\n\t\t\t\t<div class=\"elementor-widget-container\">\n\t\t\t\t\t<h1 class=\"elementor-heading-title elementor-size-default\">Jo-photo86<\/h1>\t\t\t\t<\/div>\n\t\t\t\t<\/div>\n\t\t\t\t<div class=\"elementor-element elementor-element-52c17721 elementor-widget elementor-widget-text-editor\" data-id=\"52c17721\" data-element_type=\"widget\" data-e-type=\"widget\" data-widget_type=\"text-editor.default\">\n\t\t\t\t<div class=\"elementor-widget-container\">\n\t\t\t\t\t\t\t\t\t<p>Offrez-vous un souvenir inestimable<\/p>\t\t\t\t\t\t\t\t<\/div>\n\t\t\t\t<\/div>\n\t\t<div class=\"elementor-element elementor-element-a211977 e-grid e-con-full e-con e-child\" data-id=\"a211977\" data-element_type=\"container\" data-e-type=\"container\" data-settings=\"{&quot;animation&quot;:&quot;none&quot;}\">\n\t\t\t\t<div class=\"elementor-element elementor-element-2b67bb4f elementor-align-center elementor-widget elementor-widget-button\" data-id=\"2b67bb4f\" data-element_type=\"widget\" data-e-type=\"widget\" data-widget_type=\"button.default\">\n\t\t\t\t<div class=\"elementor-widget-container\">\n\t\t\t\t\t\t\t\t\t<div class=\"elementor-button-wrapper\">\n\t\t\t\t\t<a class=\"elementor-button elementor-button-link elementor-size-sm\" href=\"https:\/\/jo-photo86.fr\/\">\n\t\t\t\t\t\t<span class=\"elementor-button-content-wrapper\">\n\t\t\t\t\t\t\t\t\t<span class=\"elementor-button-text\">Accueil<\/span>\n\t\t\t\t\t<\/span>\n\t\t\t\t\t<\/a>\n\t\t\t\t<\/div>\n\t\t\t\t\t\t\t\t<\/div>\n\t\t\t\t<\/div>\n\t\t\t\t<div class=\"elementor-element elementor-element-706dbf1d elementor-align-center elementor-widget elementor-widget-button\" data-id=\"706dbf1d\" data-element_type=\"widget\" data-e-type=\"widget\" data-widget_type=\"button.default\">\n\t\t\t\t<div class=\"elementor-widget-container\">\n\t\t\t\t\t\t\t\t\t<div class=\"elementor-button-wrapper\">\n\t\t\t\t\t<a class=\"elementor-button elementor-button-link elementor-size-sm\" href=\"https:\/\/jo-photo86.fr\/?page_id=133\">\n\t\t\t\t\t\t<span class=\"elementor-button-content-wrapper\">\n\t\t\t\t\t\t\t\t\t<span class=\"elementor-button-text\">Portfolio<\/span>\n\t\t\t\t\t<\/span>\n\t\t\t\t\t<\/a>\n\t\t\t\t<\/div>\n\t\t\t\t\t\t\t\t<\/div>\n\t\t\t\t<\/div>\n\t\t\t\t<div class=\"elementor-element elementor-element-48af1697 elementor-align-center elementor-widget elementor-widget-button\" data-id=\"48af1697\" data-element_type=\"widget\" data-e-type=\"widget\" data-widget_type=\"button.default\">\n\t\t\t\t<div class=\"elementor-widget-container\">\n\t\t\t\t\t\t\t\t\t<div class=\"elementor-button-wrapper\">\n\t\t\t\t\t<a class=\"elementor-button elementor-button-link elementor-size-sm\" href=\"https:\/\/jo-photo86.fr\/?page_id=295\">\n\t\t\t\t\t\t<span class=\"elementor-button-content-wrapper\">\n\t\t\t\t\t\t\t\t\t<span class=\"elementor-button-text\">Prestations<\/span>\n\t\t\t\t\t<\/span>\n\t\t\t\t\t<\/a>\n\t\t\t\t<\/div>\n\t\t\t\t\t\t\t\t<\/div>\n\t\t\t\t<\/div>\n\t\t\t\t<div class=\"elementor-element elementor-element-60755de3 elementor-align-center elementor-widget elementor-widget-button\" data-id=\"60755de3\" data-element_type=\"widget\" data-e-type=\"widget\" data-widget_type=\"button.default\">\n\t\t\t\t<div class=\"elementor-widget-container\">\n\t\t\t\t\t\t\t\t\t<div class=\"elementor-button-wrapper\">\n\t\t\t\t\t<a class=\"elementor-button elementor-button-link elementor-size-sm\" href=\"https:\/\/jo-photo86.fr\/?page_id=302\">\n\t\t\t\t\t\t<span class=\"elementor-button-content-wrapper\">\n\t\t\t\t\t\t\t\t\t<span class=\"elementor-button-text\">Qui suis-je ?<\/span>\n\t\t\t\t\t<\/span>\n\t\t\t\t\t<\/a>\n\t\t\t\t<\/div>\n\t\t\t\t\t\t\t\t<\/div>\n\t\t\t\t<\/div>\n\t\t\t\t<div class=\"elementor-element elementor-element-62d27806 elementor-align-center elementor-widget elementor-widget-button\" data-id=\"62d27806\" data-element_type=\"widget\" data-e-type=\"widget\" data-widget_type=\"button.default\">\n\t\t\t\t<div class=\"elementor-widget-container\">\n\t\t\t\t\t\t\t\t\t<div class=\"elementor-button-wrapper\">\n\t\t\t\t\t<a class=\"elementor-button elementor-button-link elementor-size-sm\" href=\"https:\/\/jo-photo86.fr\/?page_id=91\">\n\t\t\t\t\t\t<span class=\"elementor-button-content-wrapper\">\n\t\t\t\t\t\t\t\t\t<span class=\"elementor-button-text\">Contact<\/span>\n\t\t\t\t\t<\/span>\n\t\t\t\t\t<\/a>\n\t\t\t\t<\/div>\n\t\t\t\t\t\t\t\t<\/div>\n\t\t\t\t<\/div>\n\t\t\t\t<\/div>\n\t\t\t\t<\/div>\n\t\t<div class=\"elementor-element elementor-element-182f997f e-con-full e-flex e-con e-parent\" data-id=\"182f997f\" data-element_type=\"container\" data-e-type=\"container\">\n\t\t\t\t<div class=\"elementor-element elementor-element-76ff9805 elementor-widget__width-inherit elementor-widget elementor-widget-heading\" data-id=\"76ff9805\" data-element_type=\"widget\" data-e-type=\"widget\" data-widget_type=\"heading.default\">\n\t\t\t\t<div class=\"elementor-widget-container\">\n\t\t\t\t\t<h2 class=\"elementor-heading-title elementor-size-default\">Contact<\/h2>\t\t\t\t<\/div>\n\t\t\t\t<\/div>\n\t\t\t\t<div class=\"elementor-element elementor-element-3579f0d2 elementor-widget__width-inherit elementor-widget-divider--view-line elementor-widget elementor-widget-divider\" data-id=\"3579f0d2\" data-element_type=\"widget\" data-e-type=\"widget\" data-widget_type=\"divider.default\">\n\t\t\t\t<div class=\"elementor-widget-container\">\n\t\t\t\t\t\t\t<div class=\"elementor-divider\">\n\t\t\t<span class=\"elementor-divider-separator\">\n\t\t\t\t\t\t<\/span>\n\t\t<\/div>\n\t\t\t\t\t\t<\/div>\n\t\t\t\t<\/div>\n\t\t\t\t<\/div>\n\t\t<div class=\"elementor-element elementor-element-10ba584 e-flex e-con-boxed e-con e-parent\" data-id=\"10ba584\" data-element_type=\"container\" data-e-type=\"container\">\n\t\t\t\t\t<div class=\"e-con-inner\">\n\t\t<div class=\"elementor-element elementor-element-76fd047 e-con-full e-flex e-con e-child\" data-id=\"76fd047\" data-element_type=\"container\" data-e-type=\"container\">\n\t\t\t\t<div class=\"elementor-element elementor-element-9f6d08f elementor-hidden-mobile elementor-widget elementor-widget-image\" data-id=\"9f6d08f\" data-element_type=\"widget\" data-e-type=\"widget\" data-widget_type=\"image.default\">\n\t\t\t\t<div class=\"elementor-widget-container\">\n\t\t\t\t\t\t\t\t\t\t\t\t\t\t\t<img fetchpriority=\"high\" decoding=\"async\" width=\"2048\" height=\"2048\" src=\"https:\/\/jo-photo86.fr\/wp-content\/uploads\/2025\/03\/481188433_2033800483786304_3747239315161503078_n.jpg\" class=\"attachment-full size-full wp-image-124\" alt=\"photo autoportrait Johanna - photographe\" srcset=\"https:\/\/jo-photo86.fr\/wp-content\/uploads\/2025\/03\/481188433_2033800483786304_3747239315161503078_n.jpg 2048w, https:\/\/jo-photo86.fr\/wp-content\/uploads\/2025\/03\/481188433_2033800483786304_3747239315161503078_n-300x300.jpg 300w, https:\/\/jo-photo86.fr\/wp-content\/uploads\/2025\/03\/481188433_2033800483786304_3747239315161503078_n-1024x1024.jpg 1024w, https:\/\/jo-photo86.fr\/wp-content\/uploads\/2025\/03\/481188433_2033800483786304_3747239315161503078_n-150x150.jpg 150w, https:\/\/jo-photo86.fr\/wp-content\/uploads\/2025\/03\/481188433_2033800483786304_3747239315161503078_n-768x768.jpg 768w, https:\/\/jo-photo86.fr\/wp-content\/uploads\/2025\/03\/481188433_2033800483786304_3747239315161503078_n-1536x1536.jpg 1536w\" sizes=\"(max-width: 2048px) 100vw, 2048px\" \/>\t\t\t\t\t\t\t\t\t\t\t\t\t\t\t<\/div>\n\t\t\t\t<\/div>\n\t\t\t\t<div class=\"elementor-element elementor-element-7754c47 elementor-widget elementor-widget-image\" data-id=\"7754c47\" data-element_type=\"widget\" data-e-type=\"widget\" data-widget_type=\"image.default\">\n\t\t\t\t<div class=\"elementor-widget-container\">\n\t\t\t\t\t\t\t\t\t\t\t\t\t\t\t<img decoding=\"async\" width=\"640\" height=\"646\" src=\"https:\/\/jo-photo86.fr\/wp-content\/uploads\/2025\/03\/476831007_593621010316996_4024182462721870048_n.jpg\" class=\"attachment-large size-large wp-image-112\" alt=\"photo portrait Johanna - appareil photo - naturel\" srcset=\"https:\/\/jo-photo86.fr\/wp-content\/uploads\/2025\/03\/476831007_593621010316996_4024182462721870048_n.jpg 640w, https:\/\/jo-photo86.fr\/wp-content\/uploads\/2025\/03\/476831007_593621010316996_4024182462721870048_n-297x300.jpg 297w, https:\/\/jo-photo86.fr\/wp-content\/uploads\/2025\/03\/476831007_593621010316996_4024182462721870048_n-150x150.jpg 150w\" sizes=\"(max-width: 640px) 100vw, 640px\" \/>\t\t\t\t\t\t\t\t\t\t\t\t\t\t\t<\/div>\n\t\t\t\t<\/div>\n\t\t\t\t<\/div>\n\t\t<div class=\"elementor-element elementor-element-94c7e7e e-con-full e-flex e-con e-child\" data-id=\"94c7e7e\" data-element_type=\"container\" data-e-type=\"container\">\n\t\t\t\t<div class=\"elementor-element elementor-element-77e4327 elementor-widget elementor-widget-wp-widget-wpforms-widget\" data-id=\"77e4327\" data-element_type=\"widget\" data-e-type=\"widget\" data-widget_type=\"wp-widget-wpforms-widget.default\">\n\t\t\t\t<div class=\"elementor-widget-container\">\n\t\t\t\t\t<div class=\"wpforms-container wpforms-container-full wpforms-render-modern\" id=\"wpforms-337\"><form id=\"wpforms-form-337\" class=\"wpforms-validate wpforms-form wpforms-ajax-form\" data-formid=\"337\" method=\"post\" enctype=\"multipart\/form-data\" action=\"\/index.php?rest_route=%2Fwp%2Fv2%2Fpages%2F91\" data-token=\"8a97ab2cac00bd442adb6ae1ebc11043\" data-token-time=\"1778850706\"><noscript class=\"wpforms-error-noscript\">Veuillez activer JavaScript dans votre navigateur pour remplir ce formulaire.<\/noscript><div id=\"wpforms-error-noscript\" style=\"display: none;\">Veuillez activer JavaScript dans votre navigateur pour remplir ce formulaire.<\/div><div class=\"wpforms-field-container\"><div id=\"wpforms-337-field_1-container\" class=\"wpforms-field wpforms-field-name\" data-field-id=\"1\"><fieldset><legend class=\"wpforms-field-label\">Nom <span class=\"wpforms-required-label\" aria-hidden=\"true\">*<\/span><\/legend><div class=\"wpforms-field-row wpforms-field-medium\"><div class=\"wpforms-field-row-block wpforms-first wpforms-one-half\"><input type=\"text\" id=\"wpforms-337-field_1\" class=\"wpforms-field-name-first wpforms-field-required\" name=\"wpforms[fields][1][first]\" aria-errormessage=\"wpforms-337-field_1-error\" required><label for=\"wpforms-337-field_1\" class=\"wpforms-field-sublabel after\">Pr\u00e9nom<\/label><\/div><div class=\"wpforms-field-row-block wpforms-one-half\"><input type=\"text\" id=\"wpforms-337-field_1-last\" class=\"wpforms-field-name-last wpforms-field-required\" name=\"wpforms[fields][1][last]\" aria-errormessage=\"wpforms-337-field_1-last-error\" required><label for=\"wpforms-337-field_1-last\" class=\"wpforms-field-sublabel after\">Nom<\/label><\/div><\/div><\/fieldset><\/div><div id=\"wpforms-337-field_2-container\" class=\"wpforms-field wpforms-field-email\" data-field-id=\"2\"><label class=\"wpforms-field-label\" for=\"wpforms-337-field_2\">Email <span class=\"wpforms-required-label\" aria-hidden=\"true\">*<\/span><\/label><input type=\"email\" id=\"wpforms-337-field_2\" class=\"wpforms-field-medium wpforms-field-required\" name=\"wpforms[fields][2]\" spellcheck=\"false\" aria-errormessage=\"wpforms-337-field_2-error\" required><\/div><div id=\"wpforms-337-field_3-container\" class=\"wpforms-field wpforms-field-radio wpforms-list-3-columns\" data-field-id=\"3\"><fieldset><legend class=\"wpforms-field-label\">Pour quel type de s\u00e9ance me contactez-vous ?  <span class=\"wpforms-required-label\" aria-hidden=\"true\">*<\/span><\/legend><ul id=\"wpforms-337-field_3\" class=\"wpforms-field-required\"><li class=\"choice-1 depth-1\"><input type=\"radio\" id=\"wpforms-337-field_3_1\" name=\"wpforms[fields][3]\" value=\"Portrait\" aria-errormessage=\"wpforms-337-field_3_1-error\" required ><label class=\"wpforms-field-label-inline\" for=\"wpforms-337-field_3_1\">Portrait<\/label><\/li><li class=\"choice-2 depth-1\"><input type=\"radio\" id=\"wpforms-337-field_3_2\" name=\"wpforms[fields][3]\" value=\"Couple\" aria-errormessage=\"wpforms-337-field_3_2-error\" required ><label class=\"wpforms-field-label-inline\" for=\"wpforms-337-field_3_2\">Couple<\/label><\/li><li class=\"choice-3 depth-1\"><input type=\"radio\" id=\"wpforms-337-field_3_3\" name=\"wpforms[fields][3]\" value=\"Mariage\" aria-errormessage=\"wpforms-337-field_3_3-error\" required ><label class=\"wpforms-field-label-inline\" for=\"wpforms-337-field_3_3\">Mariage<\/label><\/li><li class=\"choice-8 depth-1\"><input type=\"radio\" id=\"wpforms-337-field_3_8\" name=\"wpforms[fields][3]\" value=\"Famille\" aria-errormessage=\"wpforms-337-field_3_8-error\" required ><label class=\"wpforms-field-label-inline\" for=\"wpforms-337-field_3_8\">Famille<\/label><\/li><li class=\"choice-7 depth-1\"><input type=\"radio\" id=\"wpforms-337-field_3_7\" name=\"wpforms[fields][3]\" value=\"Grossesse\" aria-errormessage=\"wpforms-337-field_3_7-error\" required ><label class=\"wpforms-field-label-inline\" for=\"wpforms-337-field_3_7\">Grossesse<\/label><\/li><li class=\"choice-6 depth-1\"><input type=\"radio\" id=\"wpforms-337-field_3_6\" name=\"wpforms[fields][3]\" value=\"Naissance\" aria-errormessage=\"wpforms-337-field_3_6-error\" required ><label class=\"wpforms-field-label-inline\" for=\"wpforms-337-field_3_6\">Naissance<\/label><\/li><li class=\"choice-5 depth-1\"><input type=\"radio\" id=\"wpforms-337-field_3_5\" name=\"wpforms[fields][3]\" value=\"Artistique\" aria-errormessage=\"wpforms-337-field_3_5-error\" required ><label class=\"wpforms-field-label-inline\" for=\"wpforms-337-field_3_5\">Artistique<\/label><\/li><li class=\"choice-4 depth-1\"><input type=\"radio\" id=\"wpforms-337-field_3_4\" name=\"wpforms[fields][3]\" value=\"Nude\" aria-errormessage=\"wpforms-337-field_3_4-error\" required ><label class=\"wpforms-field-label-inline\" for=\"wpforms-337-field_3_4\">Nude<\/label><\/li><li class=\"choice-9 depth-1\"><input type=\"radio\" id=\"wpforms-337-field_3_9\" name=\"wpforms[fields][3]\" value=\"Autre\" aria-errormessage=\"wpforms-337-field_3_9-error\" required ><label class=\"wpforms-field-label-inline\" for=\"wpforms-337-field_3_9\">Autre<\/label><\/li><\/ul><\/fieldset><\/div>\t\t<div id=\"wpforms-337-field_5-container\"\n\t\t\tclass=\"wpforms-field wpforms-field-text\"\n\t\t\tdata-field-type=\"text\"\n\t\t\tdata-field-id=\"5\"\n\t\t\t>\n\t\t\t<label class=\"wpforms-field-label\" for=\"wpforms-337-field_5\" >votre aura D\u00e9crivez<\/label>\n\t\t\t<input type=\"text\" id=\"wpforms-337-field_5\" class=\"wpforms-field-medium\" name=\"wpforms[fields][5]\" >\n\t\t<\/div>\n\t\t<div id=\"wpforms-337-field_4-container\" class=\"wpforms-field wpforms-field-checkbox wpforms-list-2-columns\" data-field-id=\"4\"><fieldset><legend class=\"wpforms-field-label\">O\u00f9 aura lieu la s\u00e9ance ? <span class=\"wpforms-required-label\" aria-hidden=\"true\">*<\/span><\/legend><ul id=\"wpforms-337-field_4\" class=\"wpforms-field-required\"><li class=\"choice-1 depth-1\"><input type=\"checkbox\" id=\"wpforms-337-field_4_1\" name=\"wpforms[fields][4][]\" value=\"En int\u00e9rieur\" aria-errormessage=\"wpforms-337-field_4_1-error\" required ><label class=\"wpforms-field-label-inline\" for=\"wpforms-337-field_4_1\">En int\u00e9rieur<\/label><\/li><li class=\"choice-2 depth-1\"><input type=\"checkbox\" id=\"wpforms-337-field_4_2\" name=\"wpforms[fields][4][]\" value=\"En ext\u00e9rieur\" aria-errormessage=\"wpforms-337-field_4_2-error\" required ><label class=\"wpforms-field-label-inline\" for=\"wpforms-337-field_4_2\">En ext\u00e9rieur<\/label><\/li><\/ul><\/fieldset><\/div><div id=\"wpforms-337-field_7-container\" class=\"wpforms-field wpforms-field-textarea\" data-field-id=\"7\"><label class=\"wpforms-field-label\" for=\"wpforms-337-field_7\">D\u00e9crivez moi un peu votre projet <\/label><textarea id=\"wpforms-337-field_7\" class=\"wpforms-field-medium\" name=\"wpforms[fields][7]\" aria-errormessage=\"wpforms-337-field_7-error\" ><\/textarea><\/div><script>\n\t\t\t\t( function() {\n\t\t\t\t\tconst style = document.createElement( 'style' );\n\t\t\t\t\tstyle.appendChild( document.createTextNode( '#wpforms-337-field_5-container { position: absolute !important; overflow: hidden !important; display: inline !important; height: 1px !important; width: 1px !important; z-index: -1000 !important; padding: 0 !important; } #wpforms-337-field_5-container input { visibility: hidden; } #wpforms-conversational-form-page #wpforms-337-field_5-container label { counter-increment: none; }' ) );\n\t\t\t\t\tdocument.head.appendChild( style );\n\t\t\t\t\tdocument.currentScript?.remove();\n\t\t\t\t} )();\n\t\t\t<\/script><\/div><!-- .wpforms-field-container --><div class=\"wpforms-submit-container\" ><input type=\"hidden\" name=\"wpforms[id]\" value=\"337\"><input type=\"hidden\" name=\"page_title\" value=\"\"><input type=\"hidden\" name=\"page_url\" value=\"https:\/\/jo-photo86.fr\/index.php?rest_route=\/wp\/v2\/pages\/91\"><input type=\"hidden\" name=\"url_referer\" value=\"\"><button type=\"submit\" name=\"wpforms[submit]\" id=\"wpforms-submit-337\" class=\"wpforms-submit\" data-alt-text=\"En cours d&#039;envoi...\" data-submit-text=\"Envoyer message\" aria-live=\"assertive\" value=\"wpforms-submit\">Envoyer message<\/button><img decoding=\"async\" src=\"https:\/\/jo-photo86.fr\/wp-content\/plugins\/wpforms-lite\/assets\/images\/submit-spin.svg\" class=\"wpforms-submit-spinner\" style=\"display: none;\" width=\"26\" height=\"26\" alt=\"Chargement en cours\"><\/div><\/form><\/div>  <!-- .wpforms-container -->\t\t\t\t<\/div>\n\t\t\t\t<\/div>\n\t\t\t\t<\/div>\n\t\t\t\t\t<\/div>\n\t\t\t\t<\/div>\n\t\t<div class=\"elementor-element elementor-element-2c285e4 e-con-full e-flex e-con e-parent\" data-id=\"2c285e4\" data-element_type=\"container\" data-e-type=\"container\" data-settings=\"{&quot;background_background&quot;:&quot;classic&quot;}\">\n\t\t<div class=\"elementor-element elementor-element-4571fc3f e-con-full e-flex e-con e-child\" data-id=\"4571fc3f\" data-element_type=\"container\" data-e-type=\"container\">\n\t\t\t\t<div class=\"elementor-element elementor-element-7212cdae elementor-widget elementor-widget-text-editor\" data-id=\"7212cdae\" data-element_type=\"widget\" data-e-type=\"widget\" data-widget_type=\"text-editor.default\">\n\t\t\t\t<div class=\"elementor-widget-container\">\n\t\t\t\t\t\t\t\t\t<p>@Jo-photo 86 \/ Droits r\u00e9serv\u00e9s<\/p><p>Photographe Poitiers et alentours<\/p><p>SIRET : 91047247100028<\/p><p>Site co-r\u00e9alis\u00e9 avec Graphea cr\u00e9ation<\/p>\t\t\t\t\t\t\t\t<\/div>\n\t\t\t\t<\/div>\n\t\t\t\t<\/div>\n\t\t<div class=\"elementor-element elementor-element-4007cf0 e-con-full e-flex e-con e-child\" data-id=\"4007cf0\" data-element_type=\"container\" data-e-type=\"container\">\n\t\t<div class=\"elementor-element elementor-element-503f0a91 e-con-full e-flex e-con e-child\" data-id=\"503f0a91\" data-element_type=\"container\" data-e-type=\"container\">\n\t\t\t\t<div class=\"elementor-element elementor-element-40943790 elementor-shape-square elementor-grid-0 e-grid-align-center elementor-widget elementor-widget-social-icons\" data-id=\"40943790\" data-element_type=\"widget\" data-e-type=\"widget\" data-widget_type=\"social-icons.default\">\n\t\t\t\t<div class=\"elementor-widget-container\">\n\t\t\t\t\t\t\t<div class=\"elementor-social-icons-wrapper elementor-grid\" role=\"list\">\n\t\t\t\t\t\t\t<span class=\"elementor-grid-item\" role=\"listitem\">\n\t\t\t\t\t<a class=\"elementor-icon elementor-social-icon elementor-social-icon-facebook elementor-repeater-item-97b6ff2\" href=\"https:\/\/www.facebook.com\/profile.php?id=100090073051520\" target=\"_blank\">\n\t\t\t\t\t\t<span class=\"elementor-screen-only\">Facebook<\/span>\n\t\t\t\t\t\t<svg aria-hidden=\"true\" class=\"e-font-icon-svg e-fab-facebook\" viewBox=\"0 0 512 512\" xmlns=\"http:\/\/www.w3.org\/2000\/svg\"><path d=\"M504 256C504 119 393 8 256 8S8 119 8 256c0 123.78 90.69 226.38 209.25 245V327.69h-63V256h63v-54.64c0-62.15 37-96.48 93.67-96.48 27.14 0 55.52 4.84 55.52 4.84v61h-31.28c-30.8 0-40.41 19.12-40.41 38.73V256h68.78l-11 71.69h-57.78V501C413.31 482.38 504 379.78 504 256z\"><\/path><\/svg>\t\t\t\t\t<\/a>\n\t\t\t\t<\/span>\n\t\t\t\t\t\t\t<span class=\"elementor-grid-item\" role=\"listitem\">\n\t\t\t\t\t<a class=\"elementor-icon elementor-social-icon elementor-social-icon-instagram elementor-repeater-item-50e6898\" href=\"https:\/\/www.instagram.com\/jo_photo86\/\" target=\"_blank\">\n\t\t\t\t\t\t<span class=\"elementor-screen-only\">Instagram<\/span>\n\t\t\t\t\t\t<svg aria-hidden=\"true\" class=\"e-font-icon-svg e-fab-instagram\" viewBox=\"0 0 448 512\" xmlns=\"http:\/\/www.w3.org\/2000\/svg\"><path d=\"M224.1 141c-63.6 0-114.9 51.3-114.9 114.9s51.3 114.9 114.9 114.9S339 319.5 339 255.9 287.7 141 224.1 141zm0 189.6c-41.1 0-74.7-33.5-74.7-74.7s33.5-74.7 74.7-74.7 74.7 33.5 74.7 74.7-33.6 74.7-74.7 74.7zm146.4-194.3c0 14.9-12 26.8-26.8 26.8-14.9 0-26.8-12-26.8-26.8s12-26.8 26.8-26.8 26.8 12 26.8 26.8zm76.1 27.2c-1.7-35.9-9.9-67.7-36.2-93.9-26.2-26.2-58-34.4-93.9-36.2-37-2.1-147.9-2.1-184.9 0-35.8 1.7-67.6 9.9-93.9 36.1s-34.4 58-36.2 93.9c-2.1 37-2.1 147.9 0 184.9 1.7 35.9 9.9 67.7 36.2 93.9s58 34.4 93.9 36.2c37 2.1 147.9 2.1 184.9 0 35.9-1.7 67.7-9.9 93.9-36.2 26.2-26.2 34.4-58 36.2-93.9 2.1-37 2.1-147.8 0-184.8zM398.8 388c-7.8 19.6-22.9 34.7-42.6 42.6-29.5 11.7-99.5 9-132.1 9s-102.7 2.6-132.1-9c-19.6-7.8-34.7-22.9-42.6-42.6-11.7-29.5-9-99.5-9-132.1s-2.6-102.7 9-132.1c7.8-19.6 22.9-34.7 42.6-42.6 29.5-11.7 99.5-9 132.1-9s102.7-2.6 132.1 9c19.6 7.8 34.7 22.9 42.6 42.6 11.7 29.5 9 99.5 9 132.1s2.7 102.7-9 132.1z\"><\/path><\/svg>\t\t\t\t\t<\/a>\n\t\t\t\t<\/span>\n\t\t\t\t\t<\/div>\n\t\t\t\t\t\t<\/div>\n\t\t\t\t<\/div>\n\t\t\t\t<\/div>\n\t\t\t\t<div class=\"elementor-element elementor-element-57344041 elementor-widget-divider--view-line elementor-widget elementor-widget-divider\" data-id=\"57344041\" data-element_type=\"widget\" data-e-type=\"widget\" data-widget_type=\"divider.default\">\n\t\t\t\t<div class=\"elementor-widget-container\">\n\t\t\t\t\t\t\t<div class=\"elementor-divider\">\n\t\t\t<span class=\"elementor-divider-separator\">\n\t\t\t\t\t\t<\/span>\n\t\t<\/div>\n\t\t\t\t\t\t<\/div>\n\t\t\t\t<\/div>\n\t\t\t\t<div class=\"elementor-element elementor-element-6017b3ad elementor-align-right elementor-widget elementor-widget-button\" data-id=\"6017b3ad\" data-element_type=\"widget\" data-e-type=\"widget\" data-widget_type=\"button.default\">\n\t\t\t\t<div class=\"elementor-widget-container\">\n\t\t\t\t\t\t\t\t\t<div class=\"elementor-button-wrapper\">\n\t\t\t\t\t<a class=\"elementor-button elementor-button-link elementor-size-sm\" href=\"https:\/\/jo-photo86.fr\/?page_id=3\">\n\t\t\t\t\t\t<span class=\"elementor-button-content-wrapper\">\n\t\t\t\t\t\t\t\t\t<span class=\"elementor-button-text\">Mentions l\u00e9gales<\/span>\n\t\t\t\t\t<\/span>\n\t\t\t\t\t<\/a>\n\t\t\t\t<\/div>\n\t\t\t\t\t\t\t\t<\/div>\n\t\t\t\t<\/div>\n\t\t\t\t<div class=\"elementor-element elementor-element-46eeb044 elementor-align-right elementor-widget elementor-widget-button\" data-id=\"46eeb044\" data-element_type=\"widget\" data-e-type=\"widget\" data-widget_type=\"button.default\">\n\t\t\t\t<div class=\"elementor-widget-container\">\n\t\t\t\t\t\t\t\t\t<div class=\"elementor-button-wrapper\">\n\t\t\t\t\t<a class=\"elementor-button elementor-button-link elementor-size-sm\" href=\"https:\/\/jo-photo86.fr\/?page_id=63\">\n\t\t\t\t\t\t<span class=\"elementor-button-content-wrapper\">\n\t\t\t\t\t\t\t\t\t<span class=\"elementor-button-text\">Donn\u00e9es personneelles<\/span>\n\t\t\t\t\t<\/span>\n\t\t\t\t\t<\/a>\n\t\t\t\t<\/div>\n\t\t\t\t\t\t\t\t<\/div>\n\t\t\t\t<\/div>\n\t\t\t\t<\/div>\n\t\t\t\t<\/div>\n\t\t\t\t<\/div>\n\t\t","protected":false},"excerpt":{"rendered":"<p>Jo-photo86 Offrez-vous un souvenir inestimable Accueil Portfolio Prestations Qui suis-je ? Contact Contact @Jo-photo 86 \/ Droits r\u00e9serv\u00e9s Photographe Poitiers et alentours SIRET : 91047247100028 Site co-r\u00e9alis\u00e9 avec Graphea cr\u00e9ation Facebook Instagram Mentions l\u00e9gales Donn\u00e9es personneelles<\/p>\n","protected":false},"author":1,"featured_media":0,"parent":0,"menu_order":0,"comment_status":"closed","ping_status":"closed","template":"","meta":{"footnotes":""},"class_list":["post-91","page","type-page","status-publish","hentry"],"_links":{"self":[{"href":"https:\/\/jo-photo86.fr\/index.php?rest_route=\/wp\/v2\/pages\/91","targetHints":{"allow":["GET"]}}],"collection":[{"href":"https:\/\/jo-photo86.fr\/index.php?rest_route=\/wp\/v2\/pages"}],"about":[{"href":"https:\/\/jo-photo86.fr\/index.php?rest_route=\/wp\/v2\/types\/page"}],"author":[{"embeddable":true,"href":"https:\/\/jo-photo86.fr\/index.php?rest_route=\/wp\/v2\/users\/1"}],"replies":[{"embeddable":true,"href":"https:\/\/jo-photo86.fr\/index.php?rest_route=%2Fwp%2Fv2%2Fcomments&post=91"}],"version-history":[{"count":0,"href":"https:\/\/jo-photo86.fr\/index.php?rest_route=\/wp\/v2\/pages\/91\/revisions"}],"wp:attachment":[{"href":"https:\/\/jo-photo86.fr\/index.php?rest_route=%2Fwp%2Fv2%2Fmedia&parent=91"}],"curies":[{"name":"wp","href":"https:\/\/api.w.org\/{rel}","templated":true}]}}